{"id":276,"date":"2026-05-13T14:10:50","date_gmt":"2026-05-13T13:10:50","guid":{"rendered":"http:\/\/www.crocebiancacassinadp.org\/dev\/front_page\/"},"modified":"2026-05-15T15:51:58","modified_gmt":"2026-05-15T14:51:58","slug":"front_page","status":"publish","type":"page","link":"https:\/\/www.crocebiancacassinadp.org\/dev\/","title":{"rendered":"Home"},"content":{"rendered":"\n<div class=\"wp-block-group alignfull has-global-padding is-layout-constrained wp-container-core-group-is-layout-4651deb1 wp-block-group-is-layout-constrained\" style=\"margin-top:0;margin-bottom:0;padding-top:var(--wp--preset--spacing--70);padding-bottom:var(--wp--preset--spacing--70)\">\n<div class=\"wp-block-columns alignwide is-layout-flex wp-container-core-columns-is-layout-08a2a807 wp-block-columns-is-layout-flex\">\n<div class=\"wp-block-column is-vertically-aligned-center is-layout-flow wp-block-column-is-layout-flow\">\n<h2 class=\"wp-block-heading has-xx-large-font-size\">Chi Siamo<\/h2>\n\n\n\n<p><strong>Oltre 40 anni di soccorso e solidariet\u00e0<\/strong><\/p>\n\n\n\n<p>Dai primi passi nel 1980 alla realt\u00e0 consolidata di oggi, scopri le tappe che hanno segnato la crescita della nostra Sezione al servizio di Cassina de\u2019 Pecchi.<\/p>\n\n\n\n<div class=\"wp-block-buttons is-content-justification-center is-nowrap is-layout-flex wp-container-core-buttons-is-layout-12a27398 wp-block-buttons-is-layout-flex\">\n<div class=\"wp-block-button is-style-fill\"><a class=\"wp-block-button__link has-base-color has-text-color has-link-color has-medium-font-size has-custom-font-size wp-element-button\" style=\"border-style:none;border-width:0px;border-top-left-radius:6px;border-top-right-radius:6px;border-bottom-left-radius:6px;border-bottom-right-radius:6px\">Approfondisci<\/a><\/div>\n<\/div>\n<\/div>\n\n\n\n<div class=\"wp-block-column is-vertically-aligned-center is-layout-flow wp-block-column-is-layout-flow\">\n<figure class=\"wp-block-image size-full\"><img loading=\"lazy\" decoding=\"async\" width=\"2000\" height=\"1333\" src=\"http:\/\/www.crocebiancacassinadp.org\/dev\/wp-content\/uploads\/2026\/05\/IMG_7317.jpg\" alt=\"\" class=\"wp-image-354\" srcset=\"https:\/\/www.crocebiancacassinadp.org\/dev\/wp-content\/uploads\/2026\/05\/IMG_7317.jpg 2000w, https:\/\/www.crocebiancacassinadp.org\/dev\/wp-content\/uploads\/2026\/05\/IMG_7317-300x200.jpg 300w, https:\/\/www.crocebiancacassinadp.org\/dev\/wp-content\/uploads\/2026\/05\/IMG_7317-1024x682.jpg 1024w, https:\/\/www.crocebiancacassinadp.org\/dev\/wp-content\/uploads\/2026\/05\/IMG_7317-768x512.jpg 768w, https:\/\/www.crocebiancacassinadp.org\/dev\/wp-content\/uploads\/2026\/05\/IMG_7317-1536x1024.jpg 1536w, https:\/\/www.crocebiancacassinadp.org\/dev\/wp-content\/uploads\/2026\/05\/IMG_7317-1620x1080.jpg 1620w\" sizes=\"auto, (max-width: 2000px) 100vw, 2000px\" \/><\/figure>\n<\/div>\n<\/div>\n<\/div>\n\n\n\n<div class=\"wp-block-group alignfull is-style-section-4 has-global-padding is-layout-constrained wp-container-core-group-is-layout-ebee8dc1 wp-block-group-is-layout-constrained has-background is-style-section-4--1\" style=\"margin-top:0;margin-bottom:0;padding-top:var(--wp--preset--spacing--50);padding-bottom:var(--wp--preset--spacing--50);background-image:url(&apos;http:\/\/www.crocebiancacassinadp.org\/dev\/wp-content\/uploads\/2026\/05\/ChatGPT-Image-13-mag-2026-16_34_59.png&apos;);background-size:cover;\">\n<h2 class=\"wp-block-heading alignwide\">I nostri servizi<\/h2>\n\n\n\n<div class=\"wp-block-columns alignwide is-style-default has-contrast-color has-text-color is-layout-flex wp-container-core-columns-is-layout-28f84493 wp-block-columns-is-layout-flex\">\n<div class=\"wp-block-column is-style-default has-border-color has-base-border-color has-base-background-color has-background is-layout-flow wp-block-column-is-layout-flow\" style=\"border-width:16px\">\n<figure class=\"wp-block-image size-full\" style=\"margin-bottom:24px\"><a href=\"http:\/\/www.crocebiancacassinadp.org\/dev\/wp-content\/uploads\/2026\/05\/ChatGPT-Image-13-mag-2026-16_44_40.jpg\"><img loading=\"lazy\" decoding=\"async\" width=\"1536\" height=\"1024\" src=\"http:\/\/www.crocebiancacassinadp.org\/dev\/wp-content\/uploads\/2026\/05\/ChatGPT-Image-13-mag-2026-16_44_40.jpg\" alt=\"\" class=\"wp-image-370\" style=\"aspect-ratio:4\/3;object-fit:cover\" srcset=\"https:\/\/www.crocebiancacassinadp.org\/dev\/wp-content\/uploads\/2026\/05\/ChatGPT-Image-13-mag-2026-16_44_40.jpg 1536w, https:\/\/www.crocebiancacassinadp.org\/dev\/wp-content\/uploads\/2026\/05\/ChatGPT-Image-13-mag-2026-16_44_40-300x200.jpg 300w, https:\/\/www.crocebiancacassinadp.org\/dev\/wp-content\/uploads\/2026\/05\/ChatGPT-Image-13-mag-2026-16_44_40-1024x683.jpg 1024w, https:\/\/www.crocebiancacassinadp.org\/dev\/wp-content\/uploads\/2026\/05\/ChatGPT-Image-13-mag-2026-16_44_40-768x512.jpg 768w\" sizes=\"auto, (max-width: 1536px) 100vw, 1536px\" \/><\/a><\/figure>\n\n\n\n<h3 class=\"wp-block-heading\">Raccolta<\/h3>\n\n\n\n<p class=\"has-medium-font-size\">Come i fiori che sbocciano in luoghi inaspettati, ogni storia si svela con bellezza e resilienza<\/p>\n\n\n\n<div class=\"wp-block-buttons is-content-justification-center is-nowrap is-layout-flex wp-container-core-buttons-is-layout-12a27398 wp-block-buttons-is-layout-flex\">\n<div class=\"wp-block-button is-style-fill\"><a class=\"wp-block-button__link has-base-color has-text-color has-link-color has-small-font-size has-custom-font-size wp-element-button\" style=\"border-style:none;border-width:0px;border-top-left-radius:6px;border-top-right-radius:6px;border-bottom-left-radius:6px;border-bottom-right-radius:6px\">Approfondisci<\/a><\/div>\n<\/div>\n<\/div>\n\n\n\n<div class=\"wp-block-column is-style-default has-border-color has-base-border-color has-base-background-color has-background is-layout-flow wp-block-column-is-layout-flow\" style=\"border-width:16px\">\n<figure class=\"wp-block-image size-full\" style=\"margin-bottom:24px\"><a href=\"http:\/\/www.crocebiancacassinadp.org\/dev\/wp-content\/uploads\/2026\/05\/ChatGPT-Image-13-mag-2026-16_40_43.jpg\"><img loading=\"lazy\" decoding=\"async\" width=\"1536\" height=\"1024\" src=\"http:\/\/www.crocebiancacassinadp.org\/dev\/wp-content\/uploads\/2026\/05\/ChatGPT-Image-13-mag-2026-16_40_43.jpg\" alt=\"\" class=\"wp-image-368\" style=\"aspect-ratio:4\/3;object-fit:cover\" srcset=\"https:\/\/www.crocebiancacassinadp.org\/dev\/wp-content\/uploads\/2026\/05\/ChatGPT-Image-13-mag-2026-16_40_43.jpg 1536w, https:\/\/www.crocebiancacassinadp.org\/dev\/wp-content\/uploads\/2026\/05\/ChatGPT-Image-13-mag-2026-16_40_43-300x200.jpg 300w, https:\/\/www.crocebiancacassinadp.org\/dev\/wp-content\/uploads\/2026\/05\/ChatGPT-Image-13-mag-2026-16_40_43-1024x683.jpg 1024w, https:\/\/www.crocebiancacassinadp.org\/dev\/wp-content\/uploads\/2026\/05\/ChatGPT-Image-13-mag-2026-16_40_43-768x512.jpg 768w\" sizes=\"auto, (max-width: 1536px) 100vw, 1536px\" \/><\/a><\/figure>\n\n\n\n<h3 class=\"wp-block-heading\">Servizio Civile<\/h3>\n\n\n\n<p class=\"has-medium-font-size\">Il Servizio Civile in Croce Bianca significa dedicare un anno alla solidariet\u00e0, acquisendo competenze professionali e umane uniche nel settore dell\u2019assistenza e del soccorso.<\/p>\n\n\n\n<p class=\"has-medium-font-size\"><\/p>\n\n\n\n<div class=\"wp-block-buttons is-content-justification-center is-nowrap is-layout-flex wp-container-core-buttons-is-layout-12a27398 wp-block-buttons-is-layout-flex\">\n<div class=\"wp-block-button is-style-fill\"><a class=\"wp-block-button__link has-base-color has-text-color has-link-color has-small-font-size has-custom-font-size wp-element-button\" style=\"border-style:none;border-width:0px;border-top-left-radius:6px;border-top-right-radius:6px;border-bottom-left-radius:6px;border-bottom-right-radius:6px\">Approfondisci<\/a><\/div>\n<\/div>\n<\/div>\n\n\n\n<div class=\"wp-block-column is-style-default has-border-color has-base-border-color has-base-background-color has-background is-layout-flow wp-block-column-is-layout-flow\" style=\"border-width:16px\">\n<figure class=\"wp-block-image size-full\" style=\"margin-bottom:24px\"><a href=\"http:\/\/www.crocebiancacassinadp.org\/dev\/wp-content\/uploads\/2026\/05\/ChatGPT-Image-13-mag-2026-16_37_29.png\"><img loading=\"lazy\" decoding=\"async\" width=\"1536\" height=\"1024\" src=\"http:\/\/www.crocebiancacassinadp.org\/dev\/wp-content\/uploads\/2026\/05\/ChatGPT-Image-13-mag-2026-16_37_29.png\" alt=\"\" class=\"wp-image-366\" style=\"aspect-ratio:4\/3;object-fit:cover\" srcset=\"https:\/\/www.crocebiancacassinadp.org\/dev\/wp-content\/uploads\/2026\/05\/ChatGPT-Image-13-mag-2026-16_37_29.png 1536w, https:\/\/www.crocebiancacassinadp.org\/dev\/wp-content\/uploads\/2026\/05\/ChatGPT-Image-13-mag-2026-16_37_29-300x200.png 300w, https:\/\/www.crocebiancacassinadp.org\/dev\/wp-content\/uploads\/2026\/05\/ChatGPT-Image-13-mag-2026-16_37_29-1024x683.png 1024w, https:\/\/www.crocebiancacassinadp.org\/dev\/wp-content\/uploads\/2026\/05\/ChatGPT-Image-13-mag-2026-16_37_29-768x512.png 768w\" sizes=\"auto, (max-width: 1536px) 100vw, 1536px\" \/><\/a><\/figure>\n\n\n\n<h3 class=\"wp-block-heading\">Amici Croce Bianca<\/h3>\n\n\n\n<p class=\"has-medium-font-size\">Scopri la nostra storia di solidariet\u00e0 e unisciti a noi: tesserarsi \u00e8 il modo pi\u00f9 prezioso di essere volontari, anche senza salire in ambulanza.<\/p>\n\n\n\n<p class=\"has-medium-font-size\"><\/p>\n\n\n\n<div class=\"wp-block-buttons is-content-justification-center is-nowrap is-layout-flex wp-container-core-buttons-is-layout-12a27398 wp-block-buttons-is-layout-flex\">\n<div class=\"wp-block-button is-style-fill\"><a class=\"wp-block-button__link has-base-color has-text-color has-link-color has-small-font-size has-custom-font-size wp-element-button\" style=\"border-style:none;border-width:0px;border-top-left-radius:6px;border-top-right-radius:6px;border-bottom-left-radius:6px;border-bottom-right-radius:6px\">Approfondisci<\/a><\/div>\n<\/div>\n<\/div>\n<\/div>\n<\/div>\n","protected":false},"excerpt":{"rendered":"<p>Chi Siamo Oltre 40 anni di soccorso e solidariet\u00e0 Dai primi passi nel 1980 alla realt\u00e0 consolidata di oggi, scopri le tappe che hanno segnato la crescita della nostra Sezione al servizio di Cassina de\u2019 Pecchi. I nostri servizi Raccolta Come i fiori che sbocciano in luoghi inaspettati, ogni storia si svela con bellezza e [&hellip;]<\/p>\n","protected":false},"author":1,"featured_media":0,"parent":0,"menu_order":0,"comment_status":"closed","ping_status":"closed","template":"","meta":{"footnotes":""},"class_list":["post-276","page","type-page","status-publish","hentry"],"_links":{"self":[{"href":"https:\/\/www.crocebiancacassinadp.org\/dev\/wp-json\/wp\/v2\/pages\/276","targetHints":{"allow":["GET"]}}],"collection":[{"href":"https:\/\/www.crocebiancacassinadp.org\/dev\/wp-json\/wp\/v2\/pages"}],"about":[{"href":"https:\/\/www.crocebiancacassinadp.org\/dev\/wp-json\/wp\/v2\/types\/page"}],"author":[{"embeddable":true,"href":"https:\/\/www.crocebiancacassinadp.org\/dev\/wp-json\/wp\/v2\/users\/1"}],"replies":[{"embeddable":true,"href":"https:\/\/www.crocebiancacassinadp.org\/dev\/wp-json\/wp\/v2\/comments?post=276"}],"version-history":[{"count":15,"href":"https:\/\/www.crocebiancacassinadp.org\/dev\/wp-json\/wp\/v2\/pages\/276\/revisions"}],"predecessor-version":[{"id":586,"href":"https:\/\/www.crocebiancacassinadp.org\/dev\/wp-json\/wp\/v2\/pages\/276\/revisions\/586"}],"wp:attachment":[{"href":"https:\/\/www.crocebiancacassinadp.org\/dev\/wp-json\/wp\/v2\/media?parent=276"}],"curies":[{"name":"wp","href":"https:\/\/api.w.org\/{rel}","templated":true}]}}